{"id":59,"date":"2020-09-16T05:16:41","date_gmt":"2020-09-16T05:16:41","guid":{"rendered":"http:\/\/ethernet.com.mx\/?page_id=59"},"modified":"2022-01-30T01:59:03","modified_gmt":"2022-01-30T01:59:03","slug":"about","status":"publish","type":"page","link":"https:\/\/ethernet.com.mx\/?page_id=59","title":{"rendered":"Nosotros"},"content":{"rendered":"\n<div class=\"wp-block-cover alignfull is-light has-parallax\" style=\"background-image:url(http:\/\/ethernet.com.mx\/wp-content\/uploads\/2022\/01\/pexels-fauxels-3184418-.jpg);min-height:618px;aspect-ratio:unset;\"><span aria-hidden=\"true\" class=\"has-ast-global-color-1-background-color wp-block-cover__gradient-background has-background-dim\"><\/span><div class=\"wp-block-cover__inner-container is-layout-flow wp-block-cover-is-layout-flow\">\n<h1 class=\"has-text-align-center has-text-color wp-block-heading\" id=\"about-us\" style=\"color:#ffffff\">Nosotros<\/h1>\n<\/div><\/div>\n\n\n\n<div class=\"wp-block-group alignfull has-ast-global-color-4-background-color has-background is-layout-flow wp-block-group-is-layout-flow\">\n<div class=\"wp-block-media-text has-media-on-the-right is-stacked-on-mobile is-vertically-aligned-center has-ast-global-color-5-background-color has-background\"><figure class=\"wp-block-media-text__media\"><img loading=\"lazy\" decoding=\"async\" width=\"600\" height=\"400\" src=\"http:\/\/ethernet.com.mx\/wp-content\/uploads\/2022\/01\/equipo.webp\" alt=\"\" class=\"wp-image-1371 size-full\" srcset=\"https:\/\/ethernet.com.mx\/wp-content\/uploads\/2022\/01\/equipo.webp 600w, https:\/\/ethernet.com.mx\/wp-content\/uploads\/2022\/01\/equipo-300x200.webp 300w\" sizes=\"auto, (max-width: 600px) 100vw, 600px\" \/><\/figure><div class=\"wp-block-media-text__content\">\n<div class=\"wp-block-group is-layout-flow wp-block-group-is-layout-flow\">\n<h3 class=\"wp-block-heading\" id=\"about-us\">Acerca de nosotros<\/h3>\n\n\n\n<p>Con 20 a\u00f1os de experiencia en el sector de las tecnolog\u00edas de la informaci\u00f3n, nuestra visi\u00f3n es alinear tecnolog\u00eda y servicios a tu visi\u00f3n de negocio para crecer contigo. Nuestra misi\u00f3n proveer de tecnolog\u00eda a nuestros socios de negocio con el servicio mas r\u00e1pido, asequible y de mejor calidad en la regi\u00f3n.<\/p>\n<\/div>\n<\/div><\/div>\n<\/div>\n\n\n\n<div class=\"wp-block-group alignfull has-ast-global-color-5-color has-ast-global-color-5-background-color has-text-color has-background is-layout-flow wp-block-group-is-layout-flow\">\n<h4 class=\"has-text-align-center wp-block-heading\" id=\"unas-palabras-de\">Unas palabras de<\/h4>\n\n\n\n<h2 class=\"has-text-align-center wp-block-heading\" id=\"nuestro-equipo\">Nuestro Equipo<\/h2>\n\n\n\n<hr class=\"wp-block-separator aligncenter\"\/>\n\n\n\n<p class=\"has-text-align-center has-ast-global-color-3-color has-text-color\">Nam nec tellus a odio tincidunt auctor a ornare odio. Sed non mauris vitae erat consequat auctor eu in elit. <br>Class aptent taciti sociosqu ad litora torquent per conubia nostra.<\/p>\n\n\n\n<div class=\"wp-block-columns alignwide are-vertically-aligned-center is-layout-flex wp-container-core-columns-is-layout-28f84493 wp-block-columns-is-layout-flex\">\n<div class=\"wp-block-column is-vertically-aligned-center is-layout-flow wp-block-column-is-layout-flow\">\n<div class=\"wp-block-group has-ast-global-color-4-background-color has-background is-layout-flow wp-block-group-is-layout-flow\">\n<div class=\"wp-block-image\"><figure class=\"aligncenter size-large is-resized\"><img loading=\"lazy\" decoding=\"async\" src=\"http:\/\/ethernet.com.mx\/wp-content\/uploads\/2020\/09\/team2-free-img.png\" alt=\"\" class=\"wp-image-47\" width=\"75\" height=\"75\" srcset=\"https:\/\/ethernet.com.mx\/wp-content\/uploads\/2020\/09\/team2-free-img.png 150w, https:\/\/ethernet.com.mx\/wp-content\/uploads\/2020\/09\/team2-free-img-100x100.png 100w\" sizes=\"auto, (max-width: 75px) 100vw, 75px\" \/><\/figure><\/div>\n\n\n\n<h4 class=\"has-text-align-center wp-block-heading\" id=\"harvey-spector\">Harvey Spector<\/h4>\n\n\n\n<p class=\"has-text-align-center has-ast-global-color-0-color has-text-color\">Founder \u2013 CEO<\/p>\n<\/div>\n<\/div>\n\n\n\n<div class=\"wp-block-column is-vertically-aligned-center is-layout-flow wp-block-column-is-layout-flow\">\n<div class=\"wp-block-group has-ast-global-color-4-background-color has-background is-layout-flow wp-block-group-is-layout-flow\">\n<div class=\"wp-block-image\"><figure class=\"aligncenter size-large is-resized\"><img loading=\"lazy\" decoding=\"async\" src=\"http:\/\/ethernet.com.mx\/wp-content\/uploads\/2020\/09\/team1-free-img.png\" alt=\"\" class=\"wp-image-46\" width=\"75\" height=\"75\" srcset=\"https:\/\/ethernet.com.mx\/wp-content\/uploads\/2020\/09\/team1-free-img.png 150w, https:\/\/ethernet.com.mx\/wp-content\/uploads\/2020\/09\/team1-free-img-100x100.png 100w\" sizes=\"auto, (max-width: 75px) 100vw, 75px\" \/><\/figure><\/div>\n\n\n\n<h4 class=\"has-text-align-center wp-block-heading\" id=\"jessica-pearson\">Jessica Pearson<\/h4>\n\n\n\n<p class=\"has-text-align-center has-ast-global-color-0-color has-text-color\">COO<\/p>\n<\/div>\n<\/div>\n\n\n\n<div class=\"wp-block-column is-vertically-aligned-center is-layout-flow wp-block-column-is-layout-flow\">\n<div class=\"wp-block-group has-ast-global-color-4-background-color has-background is-layout-flow wp-block-group-is-layout-flow\">\n<div class=\"wp-block-image\"><figure class=\"aligncenter size-large is-resized\"><img loading=\"lazy\" decoding=\"async\" src=\"http:\/\/ethernet.com.mx\/wp-content\/uploads\/2020\/09\/team3-free-img.png\" alt=\"\" class=\"wp-image-48\" width=\"75\" height=\"75\" srcset=\"https:\/\/ethernet.com.mx\/wp-content\/uploads\/2020\/09\/team3-free-img.png 150w, https:\/\/ethernet.com.mx\/wp-content\/uploads\/2020\/09\/team3-free-img-100x100.png 100w\" sizes=\"auto, (max-width: 75px) 100vw, 75px\" \/><\/figure><\/div>\n\n\n\n<h4 class=\"has-text-align-center wp-block-heading\" id=\"rachel-zain\">Rachel Zain<\/h4>\n\n\n\n<p class=\"has-text-align-center has-ast-global-color-0-color has-text-color\">Marketing Head<\/p>\n<\/div>\n<\/div>\n<\/div>\n\n\n\n<div class=\"wp-block-columns alignwide are-vertically-aligned-center is-layout-flex wp-container-core-columns-is-layout-28f84493 wp-block-columns-is-layout-flex\">\n<div class=\"wp-block-column is-vertically-aligned-center is-layout-flow wp-block-column-is-layout-flow\">\n<div class=\"wp-block-group has-ast-global-color-4-background-color has-background is-layout-flow wp-block-group-is-layout-flow\">\n<div class=\"wp-block-image\"><figure class=\"aligncenter size-large is-resized\"><img loading=\"lazy\" decoding=\"async\" src=\"http:\/\/ethernet.com.mx\/wp-content\/uploads\/2020\/09\/team4free-img.png\" alt=\"\" class=\"wp-image-49\" width=\"75\" height=\"75\" srcset=\"https:\/\/ethernet.com.mx\/wp-content\/uploads\/2020\/09\/team4free-img.png 150w, https:\/\/ethernet.com.mx\/wp-content\/uploads\/2020\/09\/team4free-img-100x100.png 100w\" sizes=\"auto, (max-width: 75px) 100vw, 75px\" \/><\/figure><\/div>\n\n\n\n<h4 class=\"has-text-align-center wp-block-heading\" id=\"luise-litt\">Luise Litt<\/h4>\n\n\n\n<p class=\"has-text-align-center has-ast-global-color-0-color has-text-color\">Lead Developer<\/p>\n<\/div>\n<\/div>\n\n\n\n<div class=\"wp-block-column is-vertically-aligned-center is-layout-flow wp-block-column-is-layout-flow\">\n<div class=\"wp-block-group has-ast-global-color-4-background-color has-background is-layout-flow wp-block-group-is-layout-flow\">\n<div class=\"wp-block-image\"><figure class=\"aligncenter size-large is-resized\"><img loading=\"lazy\" decoding=\"async\" src=\"http:\/\/ethernet.com.mx\/wp-content\/uploads\/2020\/09\/team5-free-img.png\" alt=\"\" class=\"wp-image-50\" width=\"75\" height=\"75\" srcset=\"https:\/\/ethernet.com.mx\/wp-content\/uploads\/2020\/09\/team5-free-img.png 150w, https:\/\/ethernet.com.mx\/wp-content\/uploads\/2020\/09\/team5-free-img-100x100.png 100w\" sizes=\"auto, (max-width: 75px) 100vw, 75px\" \/><\/figure><\/div>\n\n\n\n<h4 class=\"has-text-align-center wp-block-heading\" id=\"katrina-bennett\">Katrina Bennett<\/h4>\n\n\n\n<p class=\"has-text-align-center has-ast-global-color-0-color has-text-color\">Intern Designer<\/p>\n<\/div>\n<\/div>\n\n\n\n<div class=\"wp-block-column is-vertically-aligned-center is-layout-flow wp-block-column-is-layout-flow\">\n<div class=\"wp-block-group has-ast-global-color-4-background-color has-background is-layout-flow wp-block-group-is-layout-flow\">\n<div class=\"wp-block-image\"><figure class=\"aligncenter size-large is-resized\"><img loading=\"lazy\" decoding=\"async\" src=\"http:\/\/ethernet.com.mx\/wp-content\/uploads\/2020\/09\/team6-free-img.png\" alt=\"\" class=\"wp-image-51\" width=\"75\" height=\"75\" srcset=\"https:\/\/ethernet.com.mx\/wp-content\/uploads\/2020\/09\/team6-free-img.png 150w, https:\/\/ethernet.com.mx\/wp-content\/uploads\/2020\/09\/team6-free-img-100x100.png 100w\" sizes=\"auto, (max-width: 75px) 100vw, 75px\" \/><\/figure><\/div>\n\n\n\n<h4 class=\"has-text-align-center wp-block-heading\" id=\"marco-foster\">Marco Foster<\/h4>\n\n\n\n<p class=\"has-text-align-center has-ast-global-color-0-color has-text-color\">Intern Designer<\/p>\n<\/div>\n<\/div>\n<\/div>\n<\/div>\n\n\n\n<div class=\"wp-block-cover alignfull is-light has-parallax\" style=\"background-image:url(http:\/\/ethernet.com.mx\/wp-content\/uploads\/2020\/09\/banner-05.jpg);min-height:500px;aspect-ratio:unset;\"><span aria-hidden=\"true\" class=\"has-ast-global-color-6-background-color wp-block-cover__gradient-background has-background-dim\"><\/span><div class=\"wp-block-cover__inner-container is-layout-flow wp-block-cover-is-layout-flow\">\n<div class=\"wp-block-group has-ast-global-color-4-background-color has-background is-layout-flow wp-block-group-is-layout-flow\">\n<div class=\"wp-block-group is-layout-flow wp-block-group-is-layout-flow\">\n<h2 class=\"has-text-align-center has-ast-global-color-2-color has-text-color wp-block-heading\" id=\"follow-us\">Follow Us<\/h2>\n\n\n\n<hr class=\"wp-block-separator aligncenter\"\/>\n\n\n\n<ul class=\"wp-block-social-links aligncenter is-style-logos-only is-layout-flex wp-block-social-links-is-layout-flex\"><li class=\"wp-social-link wp-social-link-facebook  wp-block-social-link\"><a href=\"#\" class=\"wp-block-social-link-anchor\"><svg width=\"24\" height=\"24\" viewBox=\"0 0 24 24\" version=\"1.1\" xmlns=\"http:\/\/www.w3.org\/2000\/svg\" aria-hidden=\"true\" focusable=\"false\"><path d=\"M12 2C6.5 2 2 6.5 2 12c0 5 3.7 9.1 8.4 9.9v-7H7.9V12h2.5V9.8c0-2.5 1.5-3.9 3.8-3.9 1.1 0 2.2.2 2.2.2v2.5h-1.3c-1.2 0-1.6.8-1.6 1.6V12h2.8l-.4 2.9h-2.3v7C18.3 21.1 22 17 22 12c0-5.5-4.5-10-10-10z\"><\/path><\/svg><span class=\"wp-block-social-link-label screen-reader-text\">Facebook<\/span><\/a><\/li>\n\n<li class=\"wp-social-link wp-social-link-twitter  wp-block-social-link\"><a href=\"#\" class=\"wp-block-social-link-anchor\"><svg width=\"24\" height=\"24\" viewBox=\"0 0 24 24\" version=\"1.1\" xmlns=\"http:\/\/www.w3.org\/2000\/svg\" aria-hidden=\"true\" focusable=\"false\"><path d=\"M22.23,5.924c-0.736,0.326-1.527,0.547-2.357,0.646c0.847-0.508,1.498-1.312,1.804-2.27 c-0.793,0.47-1.671,0.812-2.606,0.996C18.324,4.498,17.257,4,16.077,4c-2.266,0-4.103,1.837-4.103,4.103 c0,0.322,0.036,0.635,0.106,0.935C8.67,8.867,5.647,7.234,3.623,4.751C3.27,5.357,3.067,6.062,3.067,6.814 c0,1.424,0.724,2.679,1.825,3.415c-0.673-0.021-1.305-0.206-1.859-0.513c0,0.017,0,0.034,0,0.052c0,1.988,1.414,3.647,3.292,4.023 c-0.344,0.094-0.707,0.144-1.081,0.144c-0.264,0-0.521-0.026-0.772-0.074c0.522,1.63,2.038,2.816,3.833,2.85 c-1.404,1.1-3.174,1.756-5.096,1.756c-0.331,0-0.658-0.019-0.979-0.057c1.816,1.164,3.973,1.843,6.29,1.843 c7.547,0,11.675-6.252,11.675-11.675c0-0.178-0.004-0.355-0.012-0.531C20.985,7.47,21.68,6.747,22.23,5.924z\"><\/path><\/svg><span class=\"wp-block-social-link-label screen-reader-text\">Twitter<\/span><\/a><\/li>\n\n<li class=\"wp-social-link wp-social-link-instagram  wp-block-social-link\"><a href=\"#\" class=\"wp-block-social-link-anchor\"><svg width=\"24\" height=\"24\" viewBox=\"0 0 24 24\" version=\"1.1\" xmlns=\"http:\/\/www.w3.org\/2000\/svg\" aria-hidden=\"true\" focusable=\"false\"><path d=\"M12,4.622c2.403,0,2.688,0.009,3.637,0.052c0.877,0.04,1.354,0.187,1.671,0.31c0.42,0.163,0.72,0.358,1.035,0.673 c0.315,0.315,0.51,0.615,0.673,1.035c0.123,0.317,0.27,0.794,0.31,1.671c0.043,0.949,0.052,1.234,0.052,3.637 s-0.009,2.688-0.052,3.637c-0.04,0.877-0.187,1.354-0.31,1.671c-0.163,0.42-0.358,0.72-0.673,1.035 c-0.315,0.315-0.615,0.51-1.035,0.673c-0.317,0.123-0.794,0.27-1.671,0.31c-0.949,0.043-1.233,0.052-3.637,0.052 s-2.688-0.009-3.637-0.052c-0.877-0.04-1.354-0.187-1.671-0.31c-0.42-0.163-0.72-0.358-1.035-0.673 c-0.315-0.315-0.51-0.615-0.673-1.035c-0.123-0.317-0.27-0.794-0.31-1.671C4.631,14.688,4.622,14.403,4.622,12 s0.009-2.688,0.052-3.637c0.04-0.877,0.187-1.354,0.31-1.671c0.163-0.42,0.358-0.72,0.673-1.035 c0.315-0.315,0.615-0.51,1.035-0.673c0.317-0.123,0.794-0.27,1.671-0.31C9.312,4.631,9.597,4.622,12,4.622 M12,3 C9.556,3,9.249,3.01,8.289,3.054C7.331,3.098,6.677,3.25,6.105,3.472C5.513,3.702,5.011,4.01,4.511,4.511 c-0.5,0.5-0.808,1.002-1.038,1.594C3.25,6.677,3.098,7.331,3.054,8.289C3.01,9.249,3,9.556,3,12c0,2.444,0.01,2.751,0.054,3.711 c0.044,0.958,0.196,1.612,0.418,2.185c0.23,0.592,0.538,1.094,1.038,1.594c0.5,0.5,1.002,0.808,1.594,1.038 c0.572,0.222,1.227,0.375,2.185,0.418C9.249,20.99,9.556,21,12,21s2.751-0.01,3.711-0.054c0.958-0.044,1.612-0.196,2.185-0.418 c0.592-0.23,1.094-0.538,1.594-1.038c0.5-0.5,0.808-1.002,1.038-1.594c0.222-0.572,0.375-1.227,0.418-2.185 C20.99,14.751,21,14.444,21,12s-0.01-2.751-0.054-3.711c-0.044-0.958-0.196-1.612-0.418-2.185c-0.23-0.592-0.538-1.094-1.038-1.594 c-0.5-0.5-1.002-0.808-1.594-1.038c-0.572-0.222-1.227-0.375-2.185-0.418C14.751,3.01,14.444,3,12,3L12,3z M12,7.378 c-2.552,0-4.622,2.069-4.622,4.622S9.448,16.622,12,16.622s4.622-2.069,4.622-4.622S14.552,7.378,12,7.378z M12,15 c-1.657,0-3-1.343-3-3s1.343-3,3-3s3,1.343,3,3S13.657,15,12,15z M16.804,6.116c-0.596,0-1.08,0.484-1.08,1.08 s0.484,1.08,1.08,1.08c0.596,0,1.08-0.484,1.08-1.08S17.401,6.116,16.804,6.116z\"><\/path><\/svg><span class=\"wp-block-social-link-label screen-reader-text\">Instagram<\/span><\/a><\/li>\n\n<li class=\"wp-social-link wp-social-link-google  wp-block-social-link\"><a href=\"#\" class=\"wp-block-social-link-anchor\"><svg width=\"24\" height=\"24\" viewBox=\"0 0 24 24\" version=\"1.1\" xmlns=\"http:\/\/www.w3.org\/2000\/svg\" aria-hidden=\"true\" focusable=\"false\"><path d=\"M12.02,10.18v3.72v0.01h5.51c-0.26,1.57-1.67,4.22-5.5,4.22c-3.31,0-6.01-2.75-6.01-6.12s2.7-6.12,6.01-6.12 c1.87,0,3.13,0.8,3.85,1.48l2.84-2.76C16.99,2.99,14.73,2,12.03,2c-5.52,0-10,4.48-10,10s4.48,10,10,10c5.77,0,9.6-4.06,9.6-9.77 c0-0.83-0.11-1.42-0.25-2.05H12.02z\"><\/path><\/svg><span class=\"wp-block-social-link-label screen-reader-text\">Google<\/span><\/a><\/li><\/ul>\n<\/div>\n<\/div>\n<\/div><\/div>\n\n\n\n<div class=\"wp-block-group alignfull has-ast-global-color-5-background-color has-background is-layout-flow wp-block-group-is-layout-flow\">\n<div class=\"wp-block-columns is-layout-flex wp-container-core-columns-is-layout-28f84493 wp-block-columns-is-layout-flex\">\n<div class=\"wp-block-column is-layout-flow wp-block-column-is-layout-flow\">\n<div class=\"wp-block-image\"><figure class=\"aligncenter size-full is-resized\"><img decoding=\"async\" src=\"http:\/\/ethernet.com.mx\/wp-content\/uploads\/2022\/01\/envio.jpg\" alt=\"\" class=\"wp-image-1379\" width=\"-101\" height=\"-101\" srcset=\"https:\/\/ethernet.com.mx\/wp-content\/uploads\/2022\/01\/envio.jpg 338w, https:\/\/ethernet.com.mx\/wp-content\/uploads\/2022\/01\/envio-300x300.jpg 300w, https:\/\/ethernet.com.mx\/wp-content\/uploads\/2022\/01\/envio-150x150.jpg 150w, https:\/\/ethernet.com.mx\/wp-content\/uploads\/2022\/01\/envio-100x100.jpg 100w\" sizes=\"(max-width: 338px) 100vw, 338px\" \/><\/figure><\/div>\n\n\n\n<h6 class=\"has-text-align-center wp-block-heading\" id=\"envios-locales\">Envios Locales<\/h6>\n\n\n\n<p class=\"has-text-align-center\">Recibe tus productos en la comodidad de tu hogar, cotiza tus envios.<\/p>\n<\/div>\n\n\n\n<div class=\"wp-block-column is-layout-flow wp-block-column-is-layout-flow\">\n<div class=\"wp-block-image\"><figure class=\"aligncenter size-full is-resized\"><img decoding=\"async\" src=\"http:\/\/ethernet.com.mx\/wp-content\/uploads\/2022\/01\/ddb678a43be5871bbd25d5acac095292.png\" alt=\"\" class=\"wp-image-1375\" width=\"-103\" height=\"-103\" srcset=\"https:\/\/ethernet.com.mx\/wp-content\/uploads\/2022\/01\/ddb678a43be5871bbd25d5acac095292.png 960w, https:\/\/ethernet.com.mx\/wp-content\/uploads\/2022\/01\/ddb678a43be5871bbd25d5acac095292-300x300.png 300w, https:\/\/ethernet.com.mx\/wp-content\/uploads\/2022\/01\/ddb678a43be5871bbd25d5acac095292-150x150.png 150w, https:\/\/ethernet.com.mx\/wp-content\/uploads\/2022\/01\/ddb678a43be5871bbd25d5acac095292-768x768.png 768w, https:\/\/ethernet.com.mx\/wp-content\/uploads\/2022\/01\/ddb678a43be5871bbd25d5acac095292-600x600.png 600w, https:\/\/ethernet.com.mx\/wp-content\/uploads\/2022\/01\/ddb678a43be5871bbd25d5acac095292-100x100.png 100w\" sizes=\"(max-width: 960px) 100vw, 960px\" \/><\/figure><\/div>\n\n\n\n<h6 class=\"has-text-align-center wp-block-heading\" id=\"mejor-calidad\">Mejor Calidad<\/h6>\n\n\n\n<p class=\"has-text-align-center\">Productos de vanguarda con las mejores marcas del mercado.<\/p>\n<\/div>\n\n\n\n<div class=\"wp-block-column is-layout-flow wp-block-column-is-layout-flow\">\n<div class=\"wp-block-image\"><figure class=\"aligncenter size-full is-resized\"><img decoding=\"async\" src=\"http:\/\/ethernet.com.mx\/wp-content\/uploads\/2022\/01\/descuento-3.png\" alt=\"\" class=\"wp-image-1377\" width=\"-52\" height=\"-52\" srcset=\"https:\/\/ethernet.com.mx\/wp-content\/uploads\/2022\/01\/descuento-3.png 225w, https:\/\/ethernet.com.mx\/wp-content\/uploads\/2022\/01\/descuento-3-150x150.png 150w, https:\/\/ethernet.com.mx\/wp-content\/uploads\/2022\/01\/descuento-3-100x100.png 100w\" sizes=\"(max-width: 225px) 100vw, 225px\" \/><\/figure><\/div>\n\n\n\n<h6 class=\"has-text-align-center wp-block-heading\" id=\"ofertas\">Ofertas<\/h6>\n\n\n\n<p class=\"has-text-align-center\">Grandes descuentos permanentes<\/p>\n<\/div>\n\n\n\n<div class=\"wp-block-column is-layout-flow wp-block-column-is-layout-flow\">\n<div class=\"wp-block-image\"><figure class=\"aligncenter size-full is-resized\"><img decoding=\"async\" src=\"http:\/\/ethernet.com.mx\/wp-content\/uploads\/2022\/01\/protegida-300x275-1.png\" alt=\"\" class=\"wp-image-1380\" width=\"-99\" height=\"-91\"\/><\/figure><\/div>\n\n\n\n<h6 class=\"has-text-align-center wp-block-heading\" id=\"pagos-seguros\">Pagos Seguros<\/h6>\n\n\n\n<p class=\"has-text-align-center\">Todas tus compras est\u00e1n protegidas<\/p>\n<\/div>\n<\/div>\n<\/div>\n\n\n\n<p><\/p>\n","protected":false},"excerpt":{"rendered":"<p>Acerca de nosotros Con 20 a\u00f1os de experiencia en el sector de las tecnolog\u00edas de la informaci\u00f3n, nuestra visi\u00f3n es alinear tecnolog\u00eda y servicios a tu visi\u00f3n de negocio para crecer contigo. Nuestra misi\u00f3n proveer de tecnolog\u00eda a nuestros socios de negocio con el servicio mas r\u00e1pido, asequible y de mejor calidad en la regi\u00f3n. [&hellip;]<\/p>\n","protected":false},"author":1,"featured_media":0,"parent":0,"menu_order":0,"comment_status":"closed","ping_status":"closed","template":"","meta":{"om_disable_all_campaigns":false,"_monsterinsights_skip_tracking":false,"_monsterinsights_sitenote_active":false,"_monsterinsights_sitenote_note":"","_monsterinsights_sitenote_category":0,"site-sidebar-layout":"no-sidebar","site-content-layout":"plain-container","ast-site-content-layout":"default","site-content-style":"default","site-sidebar-style":"default","ast-global-header-display":"","ast-banner-title-visibility":"","ast-main-header-display":"","ast-hfb-above-header-display":"","ast-hfb-below-header-display":"","ast-hfb-mobile-header-display":"","site-post-title":"disabled","ast-breadcrumbs-content":"","ast-featured-img":"","footer-sml-layout":"","ast-disable-related-posts":"","theme-transparent-header-meta":"enabled","adv-header-id-meta":"","stick-header-meta":"","header-above-stick-meta":"","header-main-stick-meta":"","header-below-stick-meta":"","astra-migrate-meta-layouts":"default","ast-page-background-enabled":"default","ast-page-background-meta":{"desktop":{"background-color":"","background-image":"","background-repeat":"repeat","background-position":"center center","background-size":"auto","background-attachment":"scroll","background-type":"","background-media":"","overlay-type":"","overlay-color":"","overlay-opacity":"","overlay-gradient":""},"tablet":{"background-color":"","background-image":"","background-repeat":"repeat","background-position":"center center","background-size":"auto","background-attachment":"scroll","background-type":"","background-media":"","overlay-type":"","overlay-color":"","overlay-opacity":"","overlay-gradient":""},"mobile":{"background-color":"","background-image":"","background-repeat":"repeat","background-position":"center center","background-size":"auto","background-attachment":"scroll","background-type":"","background-media":"","overlay-type":"","overlay-color":"","overlay-opacity":"","overlay-gradient":""}},"ast-content-background-meta":{"desktop":{"background-color":"var(--ast-global-color-5)","background-image":"","background-repeat":"repeat","background-position":"center center","background-size":"auto","background-attachment":"scroll","background-type":"","background-media":"","overlay-type":"","overlay-color":"","overlay-opacity":"","overlay-gradient":""},"tablet":{"background-color":"var(--ast-global-color-5)","background-image":"","background-repeat":"repeat","background-position":"center center","background-size":"auto","background-attachment":"scroll","background-type":"","background-media":"","overlay-type":"","overlay-color":"","overlay-opacity":"","overlay-gradient":""},"mobile":{"background-color":"var(--ast-global-color-5)","background-image":"","background-repeat":"repeat","background-position":"center center","background-size":"auto","background-attachment":"scroll","background-type":"","background-media":"","overlay-type":"","overlay-color":"","overlay-opacity":"","overlay-gradient":""}},"footnotes":""},"class_list":["post-59","page","type-page","status-publish","hentry"],"_links":{"self":[{"href":"https:\/\/ethernet.com.mx\/index.php?rest_route=\/wp\/v2\/pages\/59","targetHints":{"allow":["GET"]}}],"collection":[{"href":"https:\/\/ethernet.com.mx\/index.php?rest_route=\/wp\/v2\/pages"}],"about":[{"href":"https:\/\/ethernet.com.mx\/index.php?rest_route=\/wp\/v2\/types\/page"}],"author":[{"embeddable":true,"href":"https:\/\/ethernet.com.mx\/index.php?rest_route=\/wp\/v2\/users\/1"}],"replies":[{"embeddable":true,"href":"https:\/\/ethernet.com.mx\/index.php?rest_route=%2Fwp%2Fv2%2Fcomments&post=59"}],"version-history":[{"count":8,"href":"https:\/\/ethernet.com.mx\/index.php?rest_route=\/wp\/v2\/pages\/59\/revisions"}],"predecessor-version":[{"id":28352,"href":"https:\/\/ethernet.com.mx\/index.php?rest_route=\/wp\/v2\/pages\/59\/revisions\/28352"}],"wp:attachment":[{"href":"https:\/\/ethernet.com.mx\/index.php?rest_route=%2Fwp%2Fv2%2Fmedia&parent=59"}],"curies":[{"name":"wp","href":"https:\/\/api.w.org\/{rel}","templated":true}]}}